{"id":623,"date":"2024-04-27T15:15:50","date_gmt":"2024-04-27T22:15:50","guid":{"rendered":"https:\/\/multibsmx.com.mx\/blogs\/?page_id=623"},"modified":"2024-04-27T15:17:36","modified_gmt":"2024-04-27T22:17:36","slug":"masscomm","status":"publish","type":"page","link":"https:\/\/multibsmx.com.mx\/blogs\/?page_id=623","title":{"rendered":"MASSCOMM"},"content":{"rendered":"<div data-colibri-id=\"623-c1\" class=\"style-733 style-local-623-c1 position-relative\">\n  <!---->\n  <div data-colibri-component=\"section\" data-colibri-id=\"623-c2\" id=\"about\" class=\"h-section h-section-global-spacing d-flex align-items-lg-center align-items-md-center align-items-center style-734 style-local-623-c2 position-relative\">\n    <!---->\n    <!---->\n    <div class=\"h-section-grid-container h-section-boxed-container\">\n      <!---->\n      <div data-colibri-id=\"623-c3\" class=\"h-row-container gutters-row-lg-0 gutters-row-md-0 gutters-row-0 gutters-row-v-lg-0 gutters-row-v-md-0 gutters-row-v-0 style-735 style-local-623-c3 position-relative\">\n        <!---->\n        <div class=\"h-row justify-content-lg-center justify-content-md-center justify-content-center align-items-lg-stretch align-items-md-stretch align-items-stretch gutters-col-lg-0 gutters-col-md-0 gutters-col-0 gutters-col-v-lg-0 gutters-col-v-md-0 gutters-col-v-0\">\n          <!---->\n          <div class=\"h-column h-column-container d-flex h-col-lg-auto h-col-md-auto h-col-auto style-736-outer style-local-623-c4-outer\">\n            <div data-colibri-id=\"623-c4\" class=\"d-flex h-flex-basis h-column__inner h-ui-empty-state-container h-px-lg-0 h-px-md-0 h-px-0 v-inner-lg-0 v-inner-md-0 v-inner-0 style-736 style-local-623-c4 position-relative\">\n              <!---->\n              <!---->\n              <div class=\"w-100 h-y-container h-column__content h-column__v-align flex-basis-100\">\n                <!---->\n              <\/div>\n            <\/div>\n          <\/div>\n          <div class=\"h-column h-column-container d-flex h-col-lg-auto h-col-md-auto h-col-auto style-737-outer style-local-623-c5-outer\">\n            <div data-colibri-id=\"623-c5\" class=\"d-flex h-flex-basis h-column__inner h-px-lg-2 h-px-md-2 h-px-2 v-inner-lg-2 v-inner-md-2 v-inner-2 style-737 style-local-623-c5 position-relative\">\n              <!---->\n              <!---->\n              <div class=\"w-100 h-y-container h-column__content h-column__v-align flex-basis-100 align-self-lg-start align-self-md-start align-self-start\">\n                <!---->\n                <div data-colibri-id=\"623-c6\" class=\"h-global-transition-all h-heading style-738 style-local-623-c6 position-relative h-element\">\n                  <!---->\n                  <div class=\"h-heading__outer style-738 style-local-623-c6\">\n                    <!---->\n                    <!---->\n                    <h5 class=\"\">\u00bfEn qu\u00e9 consiste?<\/h5>\n                  <\/div>\n                <\/div>\n                <div data-colibri-id=\"623-c7\" class=\"h-global-transition-all h-heading style-739 style-local-623-c7 position-relative h-element\">\n                  <!---->\n                  <div class=\"h-heading__outer style-739 style-local-623-c7\">\n                    <!---->\n                    <!---->\n                    <h2 class=\"\">MASSCOMM<\/h2>\n                  <\/div>\n                <\/div>\n                <div data-colibri-id=\"623-c8\" class=\"h-text h-text-component style-740 style-local-623-c8 position-relative h-element\">\n                  <!---->\n                  <!---->\n                  <div class=\"\">\n                    <p>Comunicaci\u00f3n efectiva y gesti\u00f3n centralizada: env\u00eda mensajes masivos filtrados, actualiza tu blog y controla tu base de datos, todo desde una sola aplicaci\u00f3n<\/p>\n                  <\/div>\n                <\/div>\n              <\/div>\n            <\/div>\n          <\/div>\n        <\/div>\n      <\/div>\n    <\/div>\n  <\/div>\n<\/div>","protected":false},"excerpt":{"rendered":"<p>\u00bfEn qu\u00e9 consiste? MASSCOMM Comunicaci\u00f3n efectiva y gesti\u00f3n centralizada: env\u00eda mensajes masivos filtrados, actualiza tu blog y controla tu base de datos, todo desde una sola aplicaci\u00f3n<\/p>\n","protected":false},"author":1,"featured_media":0,"parent":0,"menu_order":0,"comment_status":"closed","ping_status":"closed","template":"page-templates\/full-width-page.php","meta":{"footnotes":""},"class_list":["post-623","page","type-page","status-publish","hentry"],"_links":{"self":[{"href":"https:\/\/multibsmx.com.mx\/blogs\/index.php?rest_route=\/wp\/v2\/pages\/623","targetHints":{"allow":["GET"]}}],"collection":[{"href":"https:\/\/multibsmx.com.mx\/blogs\/index.php?rest_route=\/wp\/v2\/pages"}],"about":[{"href":"https:\/\/multibsmx.com.mx\/blogs\/index.php?rest_route=\/wp\/v2\/types\/page"}],"author":[{"embeddable":true,"href":"https:\/\/multibsmx.com.mx\/blogs\/index.php?rest_route=\/wp\/v2\/users\/1"}],"replies":[{"embeddable":true,"href":"https:\/\/multibsmx.com.mx\/blogs\/index.php?rest_route=%2Fwp%2Fv2%2Fcomments&post=623"}],"version-history":[{"count":2,"href":"https:\/\/multibsmx.com.mx\/blogs\/index.php?rest_route=\/wp\/v2\/pages\/623\/revisions"}],"predecessor-version":[{"id":627,"href":"https:\/\/multibsmx.com.mx\/blogs\/index.php?rest_route=\/wp\/v2\/pages\/623\/revisions\/627"}],"wp:attachment":[{"href":"https:\/\/multibsmx.com.mx\/blogs\/index.php?rest_route=%2Fwp%2Fv2%2Fmedia&parent=623"}],"curies":[{"name":"wp","href":"https:\/\/api.w.org\/{rel}","templated":true}]}}