{"id":574,"date":"2024-04-27T13:39:57","date_gmt":"2024-04-27T20:39:57","guid":{"rendered":"https:\/\/multibsmx.com.mx\/blogs\/?page_id=574"},"modified":"2024-05-04T00:13:25","modified_gmt":"2024-05-04T07:13:25","slug":"siies-seguridad-escolar","status":"publish","type":"page","link":"https:\/\/multibsmx.com.mx\/blogs\/?page_id=574","title":{"rendered":"SIIES Seguridad Escolar"},"content":{"rendered":"<div data-colibri-id=\"574-c1\" class=\"style-691 style-local-574-c1 position-relative\">\n  <!---->\n  <div data-colibri-component=\"section\" data-colibri-id=\"574-c2\" id=\"about\" class=\"h-section h-section-global-spacing d-flex align-items-lg-center align-items-md-center align-items-center style-696 style-local-574-c2 position-relative\">\n    <!---->\n    <!---->\n    <div class=\"h-section-grid-container h-section-boxed-container\">\n      <!---->\n      <div data-colibri-id=\"574-c3\" class=\"h-row-container gutters-row-lg-0 gutters-row-md-0 gutters-row-0 gutters-row-v-lg-0 gutters-row-v-md-0 gutters-row-v-0 style-697 style-local-574-c3 position-relative\">\n        <!---->\n        <div class=\"h-row justify-content-lg-center justify-content-md-center justify-content-center align-items-lg-stretch align-items-md-stretch align-items-stretch gutters-col-lg-0 gutters-col-md-0 gutters-col-0 gutters-col-v-lg-0 gutters-col-v-md-0 gutters-col-v-0\">\n          <!---->\n          <div class=\"h-column h-column-container d-flex h-col-lg-auto h-col-md-auto h-col-auto style-698-outer style-local-574-c4-outer\">\n            <div data-colibri-id=\"574-c4\" class=\"d-flex h-flex-basis h-column__inner h-px-lg-0 h-px-md-0 h-px-0 v-inner-lg-0 v-inner-md-0 v-inner-0 style-698 style-local-574-c4 position-relative\">\n              <!---->\n              <!---->\n              <div class=\"w-100 h-y-container h-column__content h-column__v-align flex-basis-100 align-self-lg-start align-self-md-start align-self-start\">\n                <!---->\n                <div data-colibri-id=\"574-c5\" class=\"h-global-transition-all h-heading style-699 style-local-574-c5 position-relative h-element\">\n                  <!---->\n                  <div class=\"h-heading__outer style-699 style-local-574-c5\">\n                    <!---->\n                    <!---->\n                    <h5 class=\"\">\u00bfEn qu\u00e9 consiste?<\/h5>\n                  <\/div>\n                <\/div>\n                <div data-colibri-id=\"574-c6\" class=\"h-global-transition-all h-heading style-700 style-local-574-c6 position-relative h-element\">\n                  <!---->\n                  <div class=\"h-heading__outer style-700 style-local-574-c6\">\n                    <!---->\n                    <!---->\n                    <h2 class=\"\">SIIES Seguridad Escolar<\/h2>\n                  <\/div>\n                <\/div>\n                <div data-colibri-id=\"574-c7\" class=\"h-text h-text-component style-701 style-local-574-c7 position-relative h-element\">\n                  <!---->\n                  <!---->\n                  <div class=\"\">\n                    <p>Monitorea la asistencia escolar de tus hijos con un simple escaneo: ellos pasan su credencial al entrar salir ,y t\u00fa recibes una notificaci\u00f3n al instante.<\/p>\n                    <p>Conectados y seguros, cada d\u00eda escolar.<\/p>\n                  <\/div>\n                <\/div>\n              <\/div>\n            <\/div>\n          <\/div>\n          <div class=\"h-column h-column-container d-flex h-col-lg-auto h-col-md-auto h-col-auto style-702-outer style-local-574-c8-outer\">\n            <div data-colibri-id=\"574-c8\" class=\"d-flex h-flex-basis h-column__inner h-ui-empty-state-container h-px-lg-2 h-px-md-2 h-px-2 v-inner-lg-2 v-inner-md-2 v-inner-2 style-702 style-local-574-c8 position-relative\">\n              <!---->\n              <!---->\n              <div class=\"w-100 h-y-container h-column__content h-column__v-align flex-basis-100\">\n                <!---->\n              <\/div>\n            <\/div>\n          <\/div>\n        <\/div>\n      <\/div>\n    <\/div>\n  <\/div>\n  <div data-colibri-component=\"section\" data-colibri-id=\"574-c16\" id=\"custom\" class=\"h-section h-section-global-spacing d-flex align-items-lg-center align-items-md-center align-items-center style-773 style-local-574-c16 position-relative\">\n    <!---->\n    <!---->\n    <div class=\"h-section-grid-container h-section-boxed-container\">\n      <!---->\n      <div data-colibri-id=\"574-c17\" class=\"h-row-container gutters-row-lg-2 gutters-row-md-2 gutters-row-0 gutters-row-v-lg-2 gutters-row-v-md-2 gutters-row-v-2 style-774 style-local-574-c17 position-relative\">\n        <!---->\n        <div class=\"h-row justify-content-lg-center justify-content-md-center justify-content-center align-items-lg-stretch align-items-md-stretch align-items-stretch gutters-col-lg-2 gutters-col-md-2 gutters-col-0 gutters-col-v-lg-2 gutters-col-v-md-2 gutters-col-v-2\">\n          <!---->\n          <div class=\"h-column h-column-container d-flex h-col-lg-auto h-col-md-auto h-col-auto style-775-outer style-local-574-c18-outer\">\n            <div data-colibri-id=\"574-c18\" class=\"d-flex h-flex-basis h-column__inner h-px-lg-2 h-px-md-2 h-px-2 v-inner-lg-2 v-inner-md-2 v-inner-2 style-775 style-local-574-c18 position-relative\">\n              <!---->\n              <!---->\n              <div class=\"w-100 h-y-container h-column__content h-column__v-align flex-basis-100 align-self-lg-start align-self-md-start align-self-start\">\n                <!---->\n                <div data-colibri-id=\"574-c23\" class=\"h-global-transition-all h-heading style-780 style-local-574-c23 position-relative h-element\">\n                  <!---->\n                  <div class=\"h-heading__outer style-780 style-local-574-c23\">\n                    <!---->\n                    <!---->\n                    <h2 class=\"\">Video Promocional<\/h2>\n                  <\/div>\n                <\/div>\n              <\/div>\n            <\/div>\n          <\/div>\n        <\/div>\n      <\/div>\n      <div data-colibri-id=\"574-c19\" class=\"h-row-container gutters-row-lg-2 gutters-row-md-2 gutters-row-0 gutters-row-v-lg-2 gutters-row-v-md-2 gutters-row-v-2 style-776 style-local-574-c19 position-relative\">\n        <!---->\n        <div class=\"h-row justify-content-lg-center justify-content-md-center justify-content-center align-items-lg-stretch align-items-md-stretch align-items-stretch gutters-col-lg-2 gutters-col-md-2 gutters-col-0 gutters-col-v-lg-2 gutters-col-v-md-2 gutters-col-v-2\">\n          <!---->\n          <div class=\"h-column h-column-container d-flex h-col-lg-12 h-col-md-12 h-col-12 style-777-outer style-local-574-c20-outer\">\n            <div data-colibri-id=\"574-c20\" class=\"d-flex h-flex-basis h-column__inner h-px-lg-2 h-px-md-2 h-px-2 v-inner-lg-2 v-inner-md-2 v-inner-2 style-777 style-local-574-c20 position-relative\">\n              <!---->\n              <!---->\n              <div class=\"w-100 h-y-container h-column__content h-column__v-align flex-basis-100 align-self-lg-start align-self-md-start align-self-start\">\n                <!---->\n                <div data-colibri-id=\"574-c22\" class=\"d-block style-779 style-local-574-c22 position-relative h-element\">\n                  <!---->\n                  <div class=\"h-image__frame-container-outer\">\n                    <a href=\"https:\/\/drive.google.com\/file\/d\/158XLfl-P3IVtUPrDHWvU4rS8Z75Mrvv7\/view?usp=sharing\" h-use-smooth-scroll=\"true\" class=\"image-link\">\n                      <div class=\"h-image__frame-container\">\n                        <!---->\n                        <!---->\n                        <img loading=\"lazy\" decoding=\"async\" width=\"1920\" height=\"1080\" src=\"https:\/\/multibsmx.com.mx\/blogs\/wp-content\/uploads\/2024\/05\/vlcsnap-2024-05-04-00h11m08s075.png\" class=\"wp-image-760 style-779-image style-local-574-c22-image\" alt=\"\" srcset=\"https:\/\/multibsmx.com.mx\/blogs\/wp-content\/uploads\/2024\/05\/vlcsnap-2024-05-04-00h11m08s075.png 1920w, https:\/\/multibsmx.com.mx\/blogs\/wp-content\/uploads\/2024\/05\/vlcsnap-2024-05-04-00h11m08s075-300x169.png 300w, https:\/\/multibsmx.com.mx\/blogs\/wp-content\/uploads\/2024\/05\/vlcsnap-2024-05-04-00h11m08s075-1024x576.png 1024w, https:\/\/multibsmx.com.mx\/blogs\/wp-content\/uploads\/2024\/05\/vlcsnap-2024-05-04-00h11m08s075-768x432.png 768w, https:\/\/multibsmx.com.mx\/blogs\/wp-content\/uploads\/2024\/05\/vlcsnap-2024-05-04-00h11m08s075-1536x864.png 1536w\" sizes=\"auto, (max-width: 1920px) 100vw, 1920px\" \/>\n                        <div class=\"h-image__frame h-hide-lg h-hide-md h-hide-sm style-779-frameImage style-local-574-c22-frameImage\"><\/div>\n                      <\/div>\n                    <\/a>\n                  <\/div>\n                <\/div>\n              <\/div>\n            <\/div>\n          <\/div>\n        <\/div>\n      <\/div>\n    <\/div>\n  <\/div>\n<\/div>","protected":false},"excerpt":{"rendered":"<p>\u00bfEn qu\u00e9 consiste? SIIES Seguridad Escolar Monitorea la asistencia escolar de tus hijos con un simple escaneo: ellos pasan su credencial al entrar salir ,y t\u00fa recibes una notificaci\u00f3n al instante. Conectados y seguros, cada d\u00eda escolar. Video Promocional<\/p>\n","protected":false},"author":1,"featured_media":0,"parent":0,"menu_order":0,"comment_status":"closed","ping_status":"closed","template":"page-templates\/full-width-page.php","meta":{"footnotes":""},"class_list":["post-574","page","type-page","status-publish","hentry"],"_links":{"self":[{"href":"https:\/\/multibsmx.com.mx\/blogs\/index.php?rest_route=\/wp\/v2\/pages\/574","targetHints":{"allow":["GET"]}}],"collection":[{"href":"https:\/\/multibsmx.com.mx\/blogs\/index.php?rest_route=\/wp\/v2\/pages"}],"about":[{"href":"https:\/\/multibsmx.com.mx\/blogs\/index.php?rest_route=\/wp\/v2\/types\/page"}],"author":[{"embeddable":true,"href":"https:\/\/multibsmx.com.mx\/blogs\/index.php?rest_route=\/wp\/v2\/users\/1"}],"replies":[{"embeddable":true,"href":"https:\/\/multibsmx.com.mx\/blogs\/index.php?rest_route=%2Fwp%2Fv2%2Fcomments&post=574"}],"version-history":[{"count":4,"href":"https:\/\/multibsmx.com.mx\/blogs\/index.php?rest_route=\/wp\/v2\/pages\/574\/revisions"}],"predecessor-version":[{"id":762,"href":"https:\/\/multibsmx.com.mx\/blogs\/index.php?rest_route=\/wp\/v2\/pages\/574\/revisions\/762"}],"wp:attachment":[{"href":"https:\/\/multibsmx.com.mx\/blogs\/index.php?rest_route=%2Fwp%2Fv2%2Fmedia&parent=574"}],"curies":[{"name":"wp","href":"https:\/\/api.w.org\/{rel}","templated":true}]}}